{"id":1852,"date":"2020-09-16T14:20:25","date_gmt":"2020-09-16T14:20:25","guid":{"rendered":"https:\/\/chiapastodoincluido.com\/sitio\/?page_id=1852"},"modified":"2023-09-19T15:46:18","modified_gmt":"2023-09-19T20:46:18","slug":"yucatan","status":"publish","type":"page","link":"https:\/\/chiapastodoincluido.com\/sitio\/yucatan\/","title":{"rendered":"YUCAT\u00c1N"},"content":{"rendered":"<div class=\"wpb-content-wrapper\"><p>[vc_row][vc_column][\/vc_column][\/vc_row][vc_row][vc_column][vc_tta_tabs color=&#8221;green&#8221; active_section=&#8221;1&#8243;][vc_tta_section title=&#8221;PAQUETE 1&#8243; tab_id=&#8221;1600265975451-0abdfdff-b78b&#8221;][vc_column_text]<strong>D\u00eda 1<\/strong><\/p>\n<p><strong>M\u00c9RIDA \/ CITY TOUR<\/strong><\/p>\n<p>Recepci\u00f3n en el aeropuerto Manuel Crescencio Rej\u00f3n.<\/p>\n<p>Posteriormente nos trasladaremos a la hermosa \u201cciudad blanca\u201d Yucat\u00e1n: TIEMPO LIBRE para visitar la antigua Catedral, el Museo Regional de Antropolog\u00eda y los mejores restaurantes para comer cochinita pibil<\/p>\n<p>Resto de la tarde libre.<\/p>\n<p>Pernocta en M\u00e9rida.<\/p>\n<p>&nbsp;<\/p>\n<p><strong>D\u00eda 2<\/strong><\/p>\n<p><strong>M\u00c9RIDA \/ CHICHEN ITZ\u00c1 \/ M\u00c9RIDA<\/strong><\/p>\n<p>Desayuno en el hotel.<\/p>\n<p>Traslado hacia las famosas ruinas de Chich\u00e9n Itz\u00e1, que significa &#8220;Boca del pozo de los brujos de agua&#8221; en lengua maya, fue la ciudad m\u00e1s importante entre los a\u00f1os 900 y 1300 de nuestra era. El edificio m\u00e1s famoso es el templo de Kukulc\u00e1n o &#8220;El Castillo\u201d, que junto al templo de los guerreros, el juego de pelota, el observatorio astron\u00f3mico y el complejo de las monjas, dan muestra del car\u00e1cter ceremonial de la ciudad.<\/p>\n<p>En los equinoccios de primavera (21 de marzo) y de oto\u00f1o (21 de Septiembre), un efecto de luz y sombras proyecta a la serpiente descendiendo en la escalera norte del Castillo, simbolizando el mandato de acudir a las labores agr\u00edcolas antes de la \u00e9poca de lluvias.<\/p>\n<p>Regreso a M\u00e9rida.<\/p>\n<p>Pernocta en M\u00e9rida.<\/p>\n<p>&nbsp;<\/p>\n<p><strong>D\u00eda 3<\/strong><\/p>\n<p><strong>M\u00c9RIDA \/ AEROPUERTO DE M\u00c9RIDA<\/strong><\/p>\n<p>Desayuno en el hotel.<\/p>\n<p>Resto de la ma\u00f1ana libre para disfrutar de las diversas actividades que se pueden realizar en el centro de esta maravillosa ciudad.<\/p>\n<p>Traslado al aeropuerto de M\u00e9rida.<\/p>\n<p>Fin de nuestros servicios.[\/vc_column_text][\/vc_tta_section][vc_tta_section title=&#8221;PAQUETE 2&#8243; tab_id=&#8221;1600265975466-28287946-f224&#8243;][vc_column_text]<\/p>\n<h2>4 DIAS 3 NOCHES<\/h2>\n<p><strong>D\u00eda 1<\/strong><\/p>\n<p><strong>M\u00c9RIDA \/ CITY TOUR<\/strong><\/p>\n<p>Recepci\u00f3n en el aeropuerto Manuel Crescencio Rej\u00f3n.<\/p>\n<p>Posteriormente nos trasladaremos a la hermosa \u201cciudad blanca\u201d hogar de grandes joyas de Yucat\u00e1n: el elegante Paseo Montejo el resto del dia libre para visitar la ciudad<\/p>\n<p>Resto de la tarde libre.<\/p>\n<p>Pernocta en M\u00e9rida.<\/p>\n<p>&nbsp;<\/p>\n<p><strong>D\u00eda 2<\/strong><\/p>\n<p><strong>M\u00c9RIDA \/ CHICHEN ITZ\u00c1 \/ M\u00c9RIDA<\/strong><\/p>\n<p>Desayuno en el hotel.<\/p>\n<p>Traslado hacia las famosas ruinas de Chich\u00e9n Itz\u00e1, que significa &#8220;Boca del pozo de los brujos de agua&#8221; en lengua maya, fue la ciudad m\u00e1s importante entre los a\u00f1os 900 y 1300 de nuestra era. El edificio m\u00e1s famoso es el templo de Kukulc\u00e1n o &#8220;El Castillo\u201d, que junto al templo de los guerreros, el juego de pelota, el observatorio astron\u00f3mico y el complejo de las monjas, dan muestra del car\u00e1cter ceremonial de la ciudad.<\/p>\n<p>&nbsp;<\/p>\n<p>Regreso a M\u00e9rida.<\/p>\n<p>Pernocta en M\u00e9rida.<\/p>\n<p>&nbsp;<\/p>\n<p><strong>D\u00eda 3<\/strong><\/p>\n<p><strong>M\u00c9RIDA \/ CELEST\u00daN \/ M\u00c9RIDA<\/strong><\/p>\n<p>Desayuno en el hotel.<\/p>\n<p>Posteriormente viajaremos 109km hac\u00eda el oriente de Yucat\u00e1n donde encontraremos el puerto Celest\u00fan. Reserva de la Bi\u00f3sfera, que se encuentra en un corredor costero de humedales con la mejor conservaci\u00f3n<\/p>\n<p>Aqu\u00ed conviven las especies m\u00e1s ex\u00f3ticas de la geograf\u00eda yucateca. Se han contabilizado m\u00e1s de 300 especies de aves, tanto de bosque Destaca el hermoso flamenco rosa.<\/p>\n<p>Nos introduciremos en lancha en los senderos del manglar para descubrir este especial ecosistema con un equilibrio \u00fanico.<\/p>\n<p>Posteriormente regresaremos a M\u00e9rida.<\/p>\n<p>Pernocta en M\u00e9rida.<\/p>\n<p>&nbsp;<\/p>\n<p><strong>D\u00eda 4<\/strong><\/p>\n<p><strong>M\u00c9RIDA \/ UXMAL \/ M\u00c9RIDA<\/strong><\/p>\n<p>Desayuno en el hotel.<\/p>\n<p>Posteriormente nos dirigiremos a Uxmal, conocida como \u201cla tres veces construida\u201d, se ubica en una zona de cerros llamada Puuc, que rompe la monoton\u00eda de la llanura yucateca.<\/p>\n<p>Caracter\u00edsticas particulares le hacen diferente a los dem\u00e1s hallazgos en la zona maya, como el estilo arquitect\u00f3nico y la disposici\u00f3n de los edificios<\/p>\n<p>Por \u00faltimo regresaremos a M\u00e9rida<\/p>\n<p>&nbsp;<\/p>\n<p><strong>M\u00c9RIDA \/ AEROPUERTO DE M\u00c9RIDA<\/strong><\/p>\n<p>Fin de nuestros servicios.[\/vc_column_text][\/vc_tta_section][vc_tta_section title=&#8221;PAQUETE 3&#8243; tab_id=&#8221;1600266433177-70cfff5b-001e&#8221;][vc_column_text]<\/p>\n<h2>5 DIAS 4 NOCHES MERIDA CAN CUN<\/h2>\n<p>&nbsp;<\/p>\n<p><strong>D\u00eda 1<\/strong><\/p>\n<p><strong>M\u00c9RIDA \/ CITY TOUR<\/strong><\/p>\n<p>Recepci\u00f3n en el aeropuerto Manuel Crescencio Rej\u00f3n.<\/p>\n<p>Posteriormente nos trasladaremos a la hermosa \u201cciudad blanca\u201d hogar de grandes joyas de Yucat\u00e1n: el elegante Paseo Montejo, la antigua Catedral, el Museo Regional de Antropolog\u00eda y los mejores restaurantes para comer cochinita pibil, dia libre en la blanca merida<\/p>\n<p>Resto de la tarde libre.<\/p>\n<p>Pernocta en M\u00e9rida.<\/p>\n<p>&nbsp;<\/p>\n<p><strong>D\u00eda 2<\/strong><\/p>\n<p><strong>M\u00c9RIDA \/ CHICHEN ITZ\u00c1 \/ CANC\u00daN<\/strong><\/p>\n<p>Desayuno en el hotel.<\/p>\n<p>Traslado hacia las famosas ruinas de Chich\u00e9n Itz\u00e1, que significa &#8220;Boca del pozo de los brujos de agua&#8221; en lengua maya, fue la ciudad m\u00e1s importante entre los a\u00f1os 900 y 1300 de nuestra era. El edificio m\u00e1s famoso es el templo de Kukulc\u00e1n<\/p>\n<p>Posteriormente nos dirigiremos a Canc\u00fan.<\/p>\n<p>Pernocta Canc\u00fan.<\/p>\n<p>&nbsp;<\/p>\n<p><strong>D\u00eda 3<\/strong><\/p>\n<p><strong>CANC\u00daN<\/strong><\/p>\n<p>Desayuno en el hotel.<\/p>\n<p>D\u00eda libre para poder disfrutar de las paradis\u00edacas playas<\/p>\n<p>Pernocta en Canc\u00fan.<\/p>\n<p>&nbsp;<\/p>\n<p><strong>D\u00eda 4<\/strong><\/p>\n<p><strong>CANC\u00daN \/ TULUM \/ CANC\u00daN<\/strong><\/p>\n<p>Cita en el lobby del hotel para partir hacia Tulum, un destino donde se conjugan cultura, historia y una de las mejores playas de M\u00e9xico. La \u00fanica zona arqueol\u00f3gica de que se asienta a la orilla del mar, lugar de encuentro de mayas y el mar<\/p>\n<p>Por \u00faltimo regresaremos a Canc\u00fan.<\/p>\n<p>Pernocta en Canc\u00fan.<\/p>\n<p>&nbsp;<\/p>\n<p><strong>D\u00eda 5<\/strong><\/p>\n<p><strong>CANC\u00daN \/ AEROPUERTO DE CANC\u00daN<\/strong><\/p>\n<p>Resto de la ma\u00f1ana libre para disfrutar de las diversas actividades que se pueden realizar en esta playa sin duda una de las mejores de M\u00e9xico.<\/p>\n<p>Traslado al aeropuerto de Canc\u00fan.<\/p>\n<p>Fin de nuestros servicios.[\/vc_column_text][\/vc_tta_section][vc_tta_section title=&#8221;PAQUETE 4&#8243; tab_id=&#8221;1600266571246-81bb7232-0853&#8243;][vc_column_text]<\/p>\n<h2>PAQUETE 6 DIAS MERIDA CHICHEN TULUN CANCUN<\/h2>\n<p><strong> 6 DIAS MERIDA CHICHEN TULUN CANCUN<\/strong><\/p>\n<p><strong>D\u00eda 1<\/strong><\/p>\n<p><strong>M\u00c9RIDA \/ CITY TOUR<\/strong><\/p>\n<p>Recepci\u00f3n en el aeropuerto<\/p>\n<p>Posteriormente nos trasladaremos a la hermosa \u201cciudad blanca\u201d hogar de grandes joyas de Yucat\u00e1n dia libre para recorrer la ciudad blanca<\/p>\n<p>Resto de la tarde libre.<\/p>\n<p>Pernocta en M\u00e9rida.<\/p>\n<p>&nbsp;<\/p>\n<p><strong>D\u00eda 2<\/strong><\/p>\n<p><strong>M\u00c9RIDA \/ CHICHEN ITZ\u00c1 \/ CANC\u00daN<\/strong><\/p>\n<p>Desayuno en el hotel.<\/p>\n<p>Traslado hacia las famosas ruinas de Chich\u00e9n Itz\u00e1, que significa &#8220;Boca del pozo de los brujos de agua&#8221; en lengua maya, fue la ciudad m\u00e1s importante entre los a\u00f1os 900 y 1300 de nuestra era. El edificio m\u00e1s famoso es el templo de Kukulc\u00e1n o &#8220;El Castillo\u201d, que junto al templo de los guerreros, el juego de pelota<\/p>\n<p>Posteriormente nos dirigiremos a Canc\u00fan.<\/p>\n<p>Pernocta Canc\u00fan.<\/p>\n<p>&nbsp;<\/p>\n<p><strong>D\u00eda 3<\/strong><\/p>\n<p><strong>CANC\u00daN<\/strong><\/p>\n<p>Desayuno en el hotel.<\/p>\n<p>D\u00eda libre para poder disfrutar de las paradis\u00edacas playas disfrutar de hotel paseo corredor turistico de cac cun<\/p>\n<p>Pernocta en Canc\u00fan.<\/p>\n<p>&nbsp;<\/p>\n<p><strong>D\u00eda 4<\/strong><\/p>\n<p><strong>CANC\u00daN \/ TULUM \/ CANC\u00daN<\/strong><\/p>\n<p>Cita en el lobby del hotel para partir hacia Tulum, un destino donde se conjugan cultura, historia y una de las mejores playas de M\u00e9xico. La \u00fanica zona arqueol\u00f3gica de que se asienta a la orilla del mar<\/p>\n<p>Por \u00faltimo regresaremos a Canc\u00fan.<\/p>\n<p>Pernocta en Canc\u00fan.<\/p>\n<p>&nbsp;<\/p>\n<p><strong>D\u00eda 5<\/strong><\/p>\n<p><strong>CANC\u00daN \/ AEROPUERTO DE CANC\u00daN<\/strong><\/p>\n<p>Resto de la ma\u00f1ana libre para disfrutar de las diversas actividades que se pueden realizar en esta playa sin duda una de las mejores de M\u00e9xico.<\/p>\n<p>Traslado al aeropuerto de Canc\u00fan.<\/p>\n<p>Fin de nuestros servicios.[\/vc_column_text][\/vc_tta_section][\/vc_tta_tabs][\/vc_column][\/vc_row][vc_row][vc_column][vc_custom_heading text=&#8221;Ruta de Haciendas y Cenotes&#8221;][vc_empty_space][vc_column_text]Disfrute de un maravilloso viaje al pasado y presente de Yucat\u00e1n. Ver\u00e1s mucha historia cuando veas haciendas a lo largo de la ruta, incluidas Yaxcopoil y Xtep\u00e9n. Tambi\u00e9n visitar\u00e1s el cenote Peba para rematar tu aventura. Su recorrido incluye transporte, entradas y un gu\u00eda profesional.<\/p>\n<div>\n<p>Minimo 4 pax para poder reservar.<br \/>\nOpera: Martes, Miercoles y Jueves<br \/>\nIncluye: Transportaci\u00f3n, Entradas a haciendas y el cenote (Llevar traje de ba\u00f1o y toallas)<br \/>\nNo incluye: Lunch<br \/>\nInicio: 9:00 hrs \u00a0 \u00a0 \u00a0 \u00a0 \u00a0 \u00a0 \u00a0 \u00a0 \u00a0 \u00a0 \u00a0Regreso: 1600 Hrs<\/p>\n<\/div>\n<p>[\/vc_column_text][vc_empty_space][vc_single_image image=&#8221;2155&#8243; img_size=&#8221;full&#8221; alignment=&#8221;center&#8221;][\/vc_column][\/vc_row][vc_row][vc_column][vc_empty_space][vc_custom_heading text=&#8221;Hacienda Sotuta Pe\u00f3n&#8221;][vc_empty_space][vc_column_text]Salida del lobby de su hotel hacia la reserva ecol\u00f3gica de Cuxtal donde se encuentra\u00a0 la hacienda\u00a0 Sotuta de Pe\u00f3n, localizada a 25 kil\u00f3metros al sur de M\u00e9rida.<\/p>\n<p>Se inicia la visita de los atractivos mas importantes de la hacienda, casa de maquinas en la que se encuentra la desfibradora, donde se procesa la penca de henequ\u00e9n \u201cSisal\u201d, continuando a la cordeler\u00eda donde se convierte a fibra y esta a su vez en varios productos de uso material como son bolsas, sogas, tapetes, hilos, etc.[\/vc_column_text][vc_empty_space][vc_single_image image=&#8221;2157&#8243; img_size=&#8221;full&#8221; alignment=&#8221;center&#8221;][\/vc_column][\/vc_row][vc_row][vc_column][vc_empty_space][vc_custom_heading text=&#8221;Ruta Colonial De Los Conventos&#8221;][vc_empty_space][vc_column_text]Durante este tour se visita Acanceh, Tecoh, Chumayel y Mani; lugar donde el arzobispo\u00a0 Fray Diego de Landa como acto de Fe quemo todos los manuscritos y c\u00f3dices maya por lo que en este recorrido se encontrara un important\u00edsimo legado hist\u00f3rico y cultural de Yucatan.<\/p>\n<p>Los templos, conventos y capillas que visten sus interiores con retablos de madera de m\u00faltiples colores y profusi\u00f3n de im\u00e1genes, son caracter\u00edsticas propias de esta ruta.[\/vc_column_text][vc_empty_space][vc_single_image image=&#8221;2159&#8243; img_size=&#8221;full&#8221; alignment=&#8221;center&#8221;][\/vc_column][\/vc_row][vc_row][vc_column][vc_empty_space][vc_custom_heading text=&#8221;Uxmal y Kabah&#8221;][vc_empty_space][vc_column_text]Ubicada a 80 km de M\u00e9rida demuestra lo que el arte puuc, construyo en las formas paralelepipedas de sus edificios, con muros lisos y frisos ornamentados, la mayor parte de los edificios de Uxmal, pertenecen al periodo maya cl\u00e1sico y algunos a la fase media tard\u00eda, Chaac es representado en m\u00faltiples edificios, en el palacio del gobernador, cuadr\u00e1ngulo de las monjas, el templo del adivino, entre otros. Kabah, donde encontramos un cuadr\u00e1ngulo llamado Codz-pop que significa petate enrollado, el arco, los mascarones de Chaac, el templo de las columnas y la casa de la bruja. (Duraci\u00f3n del recorrido es de 7 h con 30 min. aprox.)[\/vc_column_text][vc_empty_space][vc_single_image image=&#8221;2162&#8243; img_size=&#8221;full&#8221; alignment=&#8221;center&#8221;][\/vc_column][\/vc_row][vc_row][vc_column][vc_empty_space][vc_custom_heading text=&#8221;EXCURSION A IZAMAL&#8221;][vc_empty_space][vc_column_text]Salida de su hotel a la cuidad de Izamal, localizada a una hora de la cuidad de M\u00e9rida. La ciudad de los cerros, ubicada justo al centro de la pen\u00ednsula, podr\u00eda ser la ciudad colonial mas antigua, dentro de la cual se yerguen cinco pir\u00e1mides, la principal es Kinich Kakmo, as\u00ed como el conejo, Kabul e Izamatul, considerada una joya colonial<\/p>\n<p>Salida de su hotel a la cuidad de Izamal, localizada a una hora de la cuidad de M\u00e9rida. La ciudad de los cerros, ubicada justo al centro de la pen\u00ednsula, podr\u00eda ser la ciudad colonial mas antigua, dentro de la cual se yerguen cinco pir\u00e1mides, la principal es Kinich Kakmo, as\u00ed como el conejo, Kabul e Izamatul, considerada una joya colonial.[\/vc_column_text][vc_empty_space][vc_single_image image=&#8221;2163&#8243; img_size=&#8221;full&#8221; alignment=&#8221;center&#8221;][\/vc_column][\/vc_row][vc_row][vc_column][vc_empty_space][vc_custom_heading text=&#8221;LAS COLORADAS Y RIO LAGARTOS MINIMO 4 PAX&#8221;][vc_empty_space][vc_column_text]<\/p>\n<p style=\"text-align: justify;\">Rio Lagartos en un hermoso puerto de pescadores en donde puedes encontrar un ambiente de paz y tranquilidad, pero que ofrece tambi\u00e9n aventura y diversi\u00f3n ya que resguarda la Biosfera R\u00eda Lagartos la cual resguarda la flora y la fauna del lugar, con visita a la Granja de Cocodrilos. Uno de los atractivos que tiene Rio Lagartos son los Flamingo que vienen a alimentarse y anidar a la Biosfera, y que ofrecen un hermoso espect\u00e1culo cuando llegan en grandes parvadas pintando el cielo de rosado. Al concluir el avistamiento de flamingos los dirigir\u00e1n al &#8220;Ba\u00f1o Maya&#8221; en donde disfrutaran de refrescarse en un fango de aguas color rosa o dorado , esto debido a sus altas concentraciones de azufre, minerales, sales y algas que posee los que act\u00faan como exfoliantes para la piel dejando una sensaci\u00f3n de suavidad en todo nuestro cuerpo. Gracias a sus altas cantidades de sal en este fango flotaras con una facilidad y su acumulaci\u00f3n de la misma crea una espuma blanca que te envolver\u00e1 por completo. Al termino de la excursi\u00f3n nos trasladaremos al restaurante Los Negritos, al retorno a M\u00e9rida si alcanza el tiempo se visitara en ruta Motul lleno de historia.<\/p>\n<p style=\"text-align: justify;\">Rio Lagartos en un hermoso puerto de pescadores en donde puedes encontrar un ambiente de paz y tranquilidad, pero que ofrece tambi\u00e9n aventura y diversi\u00f3n ya que resguarda la Biosfera R\u00eda Lagartos la cual resguarda la flora y la fauna del lugar, con visita a la Granja de Cocodrilos. Uno de los atractivos que tiene Rio Lagartos son los Flamingo que vienen a alimentarse y anidar a la Biosfera, y que ofrecen un hermoso espect\u00e1culo cuando llegan en grandes parvadas pintando el cielo de rosado.<\/p>\n<p style=\"text-align: justify;\">Al concluir el avistamiento de flamingos los dirigir\u00e1n al &#8220;Ba\u00f1o Maya&#8221; en donde disfrutaran de refrescarse en un fango de aguas color rosa o dorado , esto debido a sus altas concentraciones de azufre, minerales, sales y algas que posee los que act\u00faan como exfoliantes para la piel dejando una sensaci\u00f3n de suavidad en todo nuestro cuerpo. Gracias a sus altas cantidades de sal en este fango flotaras con una facilidad y su acumulaci\u00f3n de la misma crea una espuma blanca que te envolver\u00e1 por completo. Al termino de la excursi\u00f3n nos trasladaremos al restaurante Los Negritos, al retorno a M\u00e9rida si alcanza el tiempo se visitara en ruta Motul lleno de historia.<\/p>\n<p>[\/vc_column_text][vc_empty_space][vc_single_image image=&#8221;2164&#8243; img_size=&#8221;full&#8221; alignment=&#8221;center&#8221;][\/vc_column][\/vc_row][vc_row][vc_column][vc_empty_space][vc_custom_heading text=&#8221;Uxmal Luz y Sonido&#8221;][vc_empty_space][vc_column_text]<\/p>\n<p style=\"text-align: justify;\">Se le explicara la historia de la zona arqueol\u00f3gica como la piramide del adivino, la plaza de los pajaros,el cuadrangulo de las monjas,el juego de pelota ,el palacio del gobernador entre otros edificios importantes, seguidamente el espect\u00e1culo de luz y sonido, y considerando que solo hay una funci\u00f3n en espa\u00f1ol a los pax que vienen en los diferente idiomas como son : ingles, (El luz y sonido dura 45 min.)(Duraci\u00f3n del recorrido es de 6 h aprox. )<\/p>\n<p>[\/vc_column_text][vc_empty_space][vc_single_image image=&#8221;2165&#8243; img_size=&#8221;full&#8221; alignment=&#8221;center&#8221;][\/vc_column][\/vc_row][vc_row][vc_column][vc_empty_space][vc_custom_heading text=&#8221;City Tour Merida&#8221;][vc_empty_space][vc_column_text]Conozca M\u00e9rida, fundada por el espa\u00f1ol Francisco de Montejo el 6 de enero de 1542, siendo que en realidad los indios mayas ten\u00edan una gran ciudad conocida como T\u2019ho mucho antes de que los espa\u00f1oles llegaran, la piedras de dicha ciudad se usaron para construir, la sta. iglesia de la catedral localizada en el z\u00f3calo donde tambi\u00e9n est\u00e1 la casa de Montejo, el palacio de gobierno y el palacio municipal. M\u00e9rida, la ciudad blanca con su avenida principal paseo de Montejo, la cual tiene sus edificios coloniales como el palacio Cant\u00f3n y el bello monumento a la patria, entre otros lugares igual de magn\u00edficos. Presentarse en oficinas de Carnavalito calle 55 # 504 entre calle 60 y 62 parque de Santa Lucia. (Duraci\u00f3n del recorrido es de 1.5 h aprox.)[\/vc_column_text][vc_empty_space][vc_single_image image=&#8221;2167&#8243; img_size=&#8221;full&#8221; alignment=&#8221;center&#8221;][\/vc_column][\/vc_row][vc_row][vc_column][vc_empty_space][vc_custom_heading text=&#8221;Pasadia Descubre Sisal&#8221;][vc_empty_space][vc_column_text]<\/p>\n<p style=\"text-align: justify;\">Vive la experiencia y descubre sisal con nosotros todo un d\u00eda, rel\u00e1jate y d\u00e9jate consentir, disfruta del tour y de los servicios que tenemos para ti. Todo esto en contacto con la naturaleza, a bordo de un mototaxi o en bicicleta hasta la zona de manglares. Tomaremos un kayak o chalana nos adentraremos a la reserva y disfrutaras de la flora y fauna. Posteriormente te invitamos a degustar los manjares que nos ofrece el mar con una deliciosa comida, para luego relajarte bajo una palapa en la playa, donde podr\u00e1s apreciar el atardecer.<\/p>\n<p>[\/vc_column_text][vc_empty_space][vc_single_image image=&#8221;2168&#8243; img_size=&#8221;full&#8221; alignment=&#8221;center&#8221;][\/vc_column][\/vc_row][vc_row][vc_column][vc_empty_space][vc_custom_heading text=&#8221;Pesca Recreativa En sisal&#8221;][vc_empty_space][vc_column_text]<\/p>\n<p style=\"text-align: justify;\">Disfruta de esta bonita experiencia conviviendo con familiares y amigos, contempla un hermoso amanecer en alta mar y divierte pescando la comida del d\u00eda. Gu\u00edas completamente capacitados y conocedores de puntos estrat\u00e9gicos para que la pesca sea todo un \u00e9xito..<\/p>\n<p>[\/vc_column_text][vc_empty_space][vc_single_image image=&#8221;2170&#8243; img_size=&#8221;full&#8221; alignment=&#8221;center&#8221;][\/vc_column][\/vc_row]<\/p>\n<\/div>","protected":false},"excerpt":{"rendered":"<p>[vc_row][vc_column][\/vc_column][\/vc_row][vc_row][vc_column][vc_tta_tabs color=&#8221;green&#8221; active_section=&#8221;1&#8243;][vc_tta_section title=&#8221;PAQUETE 1&#8243; tab_id=&#8221;1600265975451-0abdfdff-b78b&#8221;][vc_column_text]D\u00eda 1 M\u00c9RIDA \/ CITY TOUR Recepci\u00f3n en el aeropuerto Manuel Crescencio Rej\u00f3n. Posteriormente nos trasladaremos a la hermosa \u201cciudad blanca\u201d Yucat\u00e1n: TIEMPO LIBRE para visitar la antigua Catedral, el Museo Regional de Antropolog\u00eda y los mejores restaurantes para comer cochinita pibil Resto de la tarde libre. Pernocta en M\u00e9rida. [&hellip;]<\/p>\n","protected":false},"author":1,"featured_media":0,"parent":0,"menu_order":0,"comment_status":"closed","ping_status":"closed","template":"","meta":{"footnotes":""},"class_list":["post-1852","page","type-page","status-publish","hentry"],"_links":{"self":[{"href":"https:\/\/chiapastodoincluido.com\/sitio\/wp-json\/wp\/v2\/pages\/1852","targetHints":{"allow":["GET"]}}],"collection":[{"href":"https:\/\/chiapastodoincluido.com\/sitio\/wp-json\/wp\/v2\/pages"}],"about":[{"href":"https:\/\/chiapastodoincluido.com\/sitio\/wp-json\/wp\/v2\/types\/page"}],"author":[{"embeddable":true,"href":"https:\/\/chiapastodoincluido.com\/sitio\/wp-json\/wp\/v2\/users\/1"}],"replies":[{"embeddable":true,"href":"https:\/\/chiapastodoincluido.com\/sitio\/wp-json\/wp\/v2\/comments?post=1852"}],"version-history":[{"count":13,"href":"https:\/\/chiapastodoincluido.com\/sitio\/wp-json\/wp\/v2\/pages\/1852\/revisions"}],"predecessor-version":[{"id":2171,"href":"https:\/\/chiapastodoincluido.com\/sitio\/wp-json\/wp\/v2\/pages\/1852\/revisions\/2171"}],"wp:attachment":[{"href":"https:\/\/chiapastodoincluido.com\/sitio\/wp-json\/wp\/v2\/media?parent=1852"}],"curies":[{"name":"wp","href":"https:\/\/api.w.org\/{rel}","templated":true}]}}