{"id":414,"date":"2016-08-15T16:01:33","date_gmt":"2016-08-15T22:01:33","guid":{"rendered":"http:\/\/chiapastodoincluido.com\/web\/?page_id=414"},"modified":"2016-08-15T16:01:33","modified_gmt":"2016-08-15T22:01:33","slug":"naturaleza-maya","status":"publish","type":"page","link":"https:\/\/chiapastodoincluido.com\/sitio\/naturaleza-maya\/","title":{"rendered":"NATURALEZA MAYA"},"content":{"rendered":"<div class=\"wpb-content-wrapper\"><p>[vc_row][vc_column width=&#8221;4\/12&#8243;][vc_single_image image=&#8221;469&#8243; img_size=&#8221;full&#8221; style=&#8221;vc_box_rounded&#8221; onclick=&#8221;custom_link&#8221; link=&#8221;http:\/\/chiapastodoincluido.com\/web\/merida-ciudad-blanca\/&#8221;][vc_empty_space][vc_single_image image=&#8221;472&#8243; img_size=&#8221;full&#8221; style=&#8221;vc_box_rounded&#8221; onclick=&#8221;custom_link&#8221; link=&#8221;http:\/\/chiapastodoincluido.com\/web\/enigmaticas-ruinas-mayas\/&#8221;][vc_empty_space][vc_single_image image=&#8221;466&#8243; img_size=&#8221;full&#8221; style=&#8221;vc_box_rounded&#8221; onclick=&#8221;custom_link&#8221; link=&#8221;http:\/\/chiapastodoincluido.com\/web\/excursiones-mayas\/&#8221;][vc_empty_space][vc_single_image image=&#8221;471&#8243; img_size=&#8221;full&#8221; style=&#8221;vc_box_rounded&#8221;][vc_empty_space][vc_single_image image=&#8221;467&#8243; img_size=&#8221;full&#8221; style=&#8221;vc_box_rounded&#8221; onclick=&#8221;custom_link&#8221; link=&#8221;http:\/\/chiapastodoincluido.com\/web\/herencia-mayas\/&#8221;][vc_empty_space][vc_single_image image=&#8221;470&#8243; img_size=&#8221;full&#8221; style=&#8221;vc_box_rounded&#8221; onclick=&#8221;custom_link&#8221; link=&#8221;http:\/\/chiapastodoincluido.com\/web\/mundo-maya\/&#8221;][vc_empty_space][vc_single_image image=&#8221;468&#8243; img_size=&#8221;full&#8221; style=&#8221;vc_box_rounded&#8221; onclick=&#8221;custom_link&#8221; link=&#8221;http:\/\/chiapastodoincluido.com\/web\/isla-mujeres-en-catamaran\/&#8221;][\/vc_column][vc_column width=&#8221;8\/12&#8243;][vc_column_text]<\/p>\n<p style=\"text-align: justify;\">Punto de Encuentro: Lobby del Hotel<\/p>\n<p style=\"text-align: justify;\">Hora de Salida: 08:30:00 | Hora de Regreso: 18:00:00<\/p>\n<p style=\"text-align: justify;\">Traslado Incluido desde: | Canc\u00fan | Playa del Carmen | Riviera Maya |<\/p>\n<p style=\"text-align: justify;\">D\u00edas de Operacion: Lunes | Martes | Mi\u00e9rcoles | Jueves | Viernes | S\u00e1bado | Domingo<\/p>\n<p style=\"text-align: justify;\">ITINERARIO:<\/p>\n<p style=\"text-align: justify;\"><strong>D\u00eda 1: COBA<\/strong><\/p>\n<p style=\"text-align: justify;\">Salida de Canc\u00fan, para visitar las Ruinas de COBA, Ciudad Maya que cuenta con uno de los templos m\u00e1s altos de la Pen\u00ednsula de Yucat\u00e1n, tiempo para nadar en un cenote. Pernocta en Cob\u00e1.<\/p>\n<p style=\"text-align: justify;\"><strong>D\u00eda 2: UXMAL<\/strong><\/p>\n<p style=\"text-align: justify;\">09:00 Salida del Hotel para trasladarnos a Uxmal, en el camino visitaremos M\u00c9RIDA, ciudad colonial fundada en 1542, continuamos a UXMAL, por la tarde disfrutaremos del Luz y Sonido. Pernocta en Uxmal.<\/p>\n<p style=\"text-align: justify;\"><strong>D\u00eda 3: CHICHEN ITZA<\/strong><\/p>\n<p style=\"text-align: justify;\">08:00 visita a la zona arqueol\u00f3gica de Uxmal, famosa por su gran decoraci\u00f3n, plataformas y sus templos: el Adivino, las Monjas y el Palacio del Gobernador, al t\u00e9rmino nos trasladamos a CHICHEN ITZ\u00c1, por la tarde disfrutaremos del luz y sonido. Pernocta en Chichen Itz\u00e1.<\/p>\n<p style=\"text-align: justify;\"><strong>D\u00eda 4<\/strong><\/p>\n<p style=\"text-align: justify;\">08:00 visita a la zona arqueol\u00f3gica de Chichen Itz\u00e1, seleccionada como una de las 7 nuevas maravillas del mundo, su Castillo, el Cenote Sagrado, el Templo de Venus as\u00ed como el Observatorio son parte de este recorrido guiado. Al termino continuamos a Canc\u00fan o Playa del Carmen.<\/p>\n<p style=\"text-align: justify;\"><strong>ESTE TOUR INCLUYE:<\/strong><\/p>\n<p style=\"text-align: justify;\">3 Noches de Hotel en base doble (dos personas).<\/p>\n<p style=\"text-align: justify;\">Desayunos.<\/p>\n<p style=\"text-align: justify;\">Transporte en Van o Autob\u00fas con A\/A.<\/p>\n<p style=\"text-align: justify;\">Todas las entradas.<\/p>\n<p style=\"text-align: justify;\">Autopistas.<\/p>\n<p style=\"text-align: justify;\">Impuestos.<\/p>\n<p style=\"text-align: justify;\">EL PRECIO DEL TOUR NO INCLUYE:<\/p>\n<p style=\"text-align: justify;\">Alimentos y Bebidas no mencionados.<\/p>\n<p style=\"text-align: justify;\">Propinas y gastos personales.<\/p>\n<p style=\"text-align: justify;\"><strong>INFORMACION GENERAL:<\/strong><\/p>\n<p style=\"text-align: justify;\">Salidas garantizadas los LUNES y VIERNES, m\u00ednimo dos pasajeros.<\/p>\n<p style=\"text-align: justify;\">Servicio Privado todos los d\u00edas reservando m\u00ednimo 4 pasajeros.<\/p>\n<p style=\"text-align: justify;\">Los Hoteles para esta excursi\u00f3n son categor\u00eda Tres Estrellas.<\/p>\n<p style=\"text-align: justify;\">Llevar dinero en efectivo, en muchos lugares no son aceptadas las Tarjetas Bancarias.<\/p>\n<p style=\"text-align: justify;\">Lleve lo necesario, durante nuestro recorrido tendremos varias paradas.<\/p>\n<p style=\"text-align: justify;\">No olvide su c\u00e1mara fotogr\u00e1fica y cargador (energ\u00eda 110V).<\/p>\n<p style=\"text-align: justify;\"><strong>PRECIO DEL TOUR POR PERSONA: MXN | PESOS MEXICANOS<\/strong><\/p>\n<p style=\"text-align: justify;\">17,592.86\u00a0\u00a0\u00a0\u00a0\u00a0 13,129.00\u00a0\u00a0\u00a0\u00a0\u00a0\u00a0 Adultos.<\/p>\n<p style=\"text-align: justify;\">17,592.86\u00a0\u00a0\u00a0\u00a0\u00a0 13,129.00\u00a0\u00a0\u00a0\u00a0\u00a0 Juniors de 5 &#8211; 10 A\u00f1os.<\/p>\n<p style=\"text-align: justify;\">Gratis, Infantes menores de 5 A\u00f1os.<\/p>\n<h4 style=\"text-align: justify;\"><a href=\"http:\/\/chiapastodoincluido.com\/web\/politicas-de-la-empresa\/\"><span style=\"color: #0000ff;\">Ver pol\u00edticas de la Empresa<\/span><\/a><\/h4>\n<p>[\/vc_column_text][\/vc_column][\/vc_row]<\/p>\n<\/div>","protected":false},"excerpt":{"rendered":"<p>[vc_row][vc_column width=&#8221;4\/12&#8243;][vc_single_image image=&#8221;469&#8243; img_size=&#8221;full&#8221; style=&#8221;vc_box_rounded&#8221; onclick=&#8221;custom_link&#8221; link=&#8221;http:\/\/chiapastodoincluido.com\/web\/merida-ciudad-blanca\/&#8221;][vc_empty_space][vc_single_image image=&#8221;472&#8243; img_size=&#8221;full&#8221; style=&#8221;vc_box_rounded&#8221; onclick=&#8221;custom_link&#8221; link=&#8221;http:\/\/chiapastodoincluido.com\/web\/enigmaticas-ruinas-mayas\/&#8221;][vc_empty_space][vc_single_image image=&#8221;466&#8243; img_size=&#8221;full&#8221; style=&#8221;vc_box_rounded&#8221; onclick=&#8221;custom_link&#8221; link=&#8221;http:\/\/chiapastodoincluido.com\/web\/excursiones-mayas\/&#8221;][vc_empty_space][vc_single_image image=&#8221;471&#8243; img_size=&#8221;full&#8221; style=&#8221;vc_box_rounded&#8221;][vc_empty_space][vc_single_image image=&#8221;467&#8243; img_size=&#8221;full&#8221; style=&#8221;vc_box_rounded&#8221; onclick=&#8221;custom_link&#8221; link=&#8221;http:\/\/chiapastodoincluido.com\/web\/herencia-mayas\/&#8221;][vc_empty_space][vc_single_image image=&#8221;470&#8243; img_size=&#8221;full&#8221; style=&#8221;vc_box_rounded&#8221; onclick=&#8221;custom_link&#8221; link=&#8221;http:\/\/chiapastodoincluido.com\/web\/mundo-maya\/&#8221;][vc_empty_space][vc_single_image image=&#8221;468&#8243; img_size=&#8221;full&#8221; style=&#8221;vc_box_rounded&#8221; onclick=&#8221;custom_link&#8221; link=&#8221;http:\/\/chiapastodoincluido.com\/web\/isla-mujeres-en-catamaran\/&#8221;][\/vc_column][vc_column width=&#8221;8\/12&#8243;][vc_column_text] Punto de Encuentro: Lobby del Hotel Hora de Salida: 08:30:00 | Hora de Regreso: 18:00:00 Traslado Incluido desde: | [&hellip;]<\/p>\n","protected":false},"author":1,"featured_media":0,"parent":0,"menu_order":0,"comment_status":"closed","ping_status":"closed","template":"","meta":{"footnotes":""},"class_list":["post-414","page","type-page","status-publish","hentry"],"_links":{"self":[{"href":"https:\/\/chiapastodoincluido.com\/sitio\/wp-json\/wp\/v2\/pages\/414","targetHints":{"allow":["GET"]}}],"collection":[{"href":"https:\/\/chiapastodoincluido.com\/sitio\/wp-json\/wp\/v2\/pages"}],"about":[{"href":"https:\/\/chiapastodoincluido.com\/sitio\/wp-json\/wp\/v2\/types\/page"}],"author":[{"embeddable":true,"href":"https:\/\/chiapastodoincluido.com\/sitio\/wp-json\/wp\/v2\/users\/1"}],"replies":[{"embeddable":true,"href":"https:\/\/chiapastodoincluido.com\/sitio\/wp-json\/wp\/v2\/comments?post=414"}],"version-history":[{"count":0,"href":"https:\/\/chiapastodoincluido.com\/sitio\/wp-json\/wp\/v2\/pages\/414\/revisions"}],"wp:attachment":[{"href":"https:\/\/chiapastodoincluido.com\/sitio\/wp-json\/wp\/v2\/media?parent=414"}],"curies":[{"name":"wp","href":"https:\/\/api.w.org\/{rel}","templated":true}]}}