{"id":429,"date":"2016-08-15T16:13:54","date_gmt":"2016-08-15T22:13:54","guid":{"rendered":"http:\/\/chiapastodoincluido.com\/web\/?page_id=429"},"modified":"2016-08-15T16:13:54","modified_gmt":"2016-08-15T22:13:54","slug":"mundo-maya","status":"publish","type":"page","link":"https:\/\/chiapastodoincluido.com\/sitio\/mundo-maya\/","title":{"rendered":"MUNDO MAYA"},"content":{"rendered":"<div class=\"wpb-content-wrapper\"><p>[vc_row][vc_column width=&#8221;4\/12&#8243;][vc_single_image image=&#8221;469&#8243; img_size=&#8221;full&#8221; style=&#8221;vc_box_rounded&#8221; onclick=&#8221;custom_link&#8221; link=&#8221;http:\/\/chiapastodoincluido.com\/web\/merida-ciudad-blanca\/&#8221;][vc_empty_space][vc_single_image image=&#8221;472&#8243; img_size=&#8221;full&#8221; style=&#8221;vc_box_rounded&#8221; onclick=&#8221;custom_link&#8221; link=&#8221;http:\/\/chiapastodoincluido.com\/web\/enigmaticas-ruinas-mayas\/&#8221;][vc_empty_space][vc_single_image image=&#8221;466&#8243; img_size=&#8221;full&#8221; style=&#8221;vc_box_rounded&#8221; onclick=&#8221;custom_link&#8221; link=&#8221;http:\/\/chiapastodoincluido.com\/web\/excursiones-mayas\/&#8221;][vc_empty_space][vc_single_image image=&#8221;471&#8243; img_size=&#8221;full&#8221; style=&#8221;vc_box_rounded&#8221; onclick=&#8221;custom_link&#8221; link=&#8221;http:\/\/chiapastodoincluido.com\/web\/naturaleza-maya\/&#8221;][vc_empty_space][vc_single_image image=&#8221;467&#8243; img_size=&#8221;full&#8221; style=&#8221;vc_box_rounded&#8221; onclick=&#8221;custom_link&#8221; link=&#8221;http:\/\/chiapastodoincluido.com\/web\/herencia-mayas\/&#8221;][vc_empty_space][vc_single_image image=&#8221;470&#8243; img_size=&#8221;full&#8221; style=&#8221;vc_box_rounded&#8221;][vc_empty_space][vc_single_image image=&#8221;468&#8243; img_size=&#8221;full&#8221; style=&#8221;vc_box_rounded&#8221; onclick=&#8221;custom_link&#8221; link=&#8221;http:\/\/chiapastodoincluido.com\/web\/isla-mujeres-en-catamaran\/&#8221;][\/vc_column][vc_column width=&#8221;8\/12&#8243;][vc_column_text]<\/p>\n<p style=\"text-align: justify;\">Punto de Encuentro: Lobby del Hotel<\/p>\n<p style=\"text-align: justify;\">Hora de Salida: 08:30:00 | Hora de Regreso: 18:00:00<\/p>\n<p style=\"text-align: justify;\">Traslado Incluido desde: | Canc\u00fan | Playa del Carmen | Riviera Maya |<\/p>\n<p style=\"text-align: justify;\">D\u00edas de Operacion: Lunes | Martes | Mi\u00e9rcoles | Jueves | Viernes | S\u00e1bado | Domingo<\/p>\n<p style=\"text-align: justify;\"><strong>ITINERARIO:<\/strong><\/p>\n<p style=\"text-align: justify;\"><strong>D\u00eda 1:<\/strong><\/p>\n<p style=\"text-align: justify;\">Salida de Canc\u00fan a M\u00e9rida, en el trayecto visitaremos la famosa ciudad de VALLADOLID fundada en 1543, continuaremos a la zona arqueol\u00f3gica de EK BALAM, una de las ultimas ciudades mayas descubiertas en la era moderna, despu\u00e9s de la visita continuaremos a la ciudad de M\u00c9RIDA. Pernocta.<\/p>\n<p style=\"text-align: justify;\"><strong>D\u00eda 2:<\/strong><\/p>\n<p style=\"text-align: justify;\">Salida de M\u00e9rida a CELESTUN, para admirar los Flamingos Rosados, as\u00ed como diferentes especies de Aves durante nuestro recorrido en una barca, tiempo para nadar y regreso a M\u00e9rida. Pernocta.<\/p>\n<p style=\"text-align: justify;\"><strong>D\u00eda 3:<\/strong><\/p>\n<p style=\"text-align: justify;\">Salida de M\u00e9rida a UXMAL, en el trayecto visitaremos la ruta de las iglesias: MANI, lugar donde fueron quemados \u00eddolos mayas, c\u00f3dices, cer\u00e1micas, etc., TICUL, lugar donde se trabaja el barro para elaborar replicas mayas y sitio muy importante para la industria zapatera de Yucat\u00e1n, continuaremos a UXMAL para disfrutar del show de Luz y Sonido. Pernocta.<\/p>\n<p style=\"text-align: justify;\"><strong>D\u00eda 4;<\/strong><\/p>\n<p style=\"text-align: justify;\">Salida de Uxmal a Chichen Itza, en el trayecto visitaremos la zona arqueol\u00f3gica de UXMAL con su magn\u00edfico templo del adivino, el cuadr\u00e1ngulo de las monjas: lugar que lo dejar\u00e1 impactado por su decoraci\u00f3n, tambi\u00e9n visitaremos la zona arqueol\u00f3gica de KABAH: la cual cuenta con una pared decorada con m\u00e1scaras del Dios Chaac (dios del agua), y su famoso arco, continuaremos a IZAMAL para visitar el convento dedicado a San Antonio de Padua el cual cuenta con el segundo Atriun m\u00e1s grande del mundo, continuaremos a CHICHEN ITZA para disfrutar del show de luz y sonido. Pernocta en Chichen Itza.<\/p>\n<p style=\"text-align: justify;\"><strong>D\u00eda 5<\/strong><\/p>\n<p style=\"text-align: justify;\">Salida de Chichen Itz\u00e1 a Canc\u00fan, visita a la zona arqueol\u00f3gica de CHICHEN ITZA, donde descubriremos el famoso -Castillo- o -Templo de Kukulk\u00e1n-, el Cenote Sagrado, el Juego de Pelota, as\u00ed como el Observatorio, al t\u00e9rmino continuaremos a Canc\u00fan, traslado a sus respectivos hoteles.<\/p>\n<p style=\"text-align: justify;\"><strong>ESTE TOUR INCLUYE:<\/strong><\/p>\n<ul>\n<li style=\"text-align: justify;\">Transporte en Vans o Autobus con A\/A.<\/li>\n<li style=\"text-align: justify;\">Gu\u00eda Oficial Certificado.<\/li>\n<li style=\"text-align: justify;\">Cuatro noches de hotel en base doble (dos personas).<\/li>\n<li style=\"text-align: justify;\">Todas las entradas.<\/li>\n<li style=\"text-align: justify;\">Autopistas.<\/li>\n<\/ul>\n<p>&nbsp;<\/p>\n<p style=\"text-align: justify;\"><strong>EL PRECIO DEL TOUR NO INCLUYE:<\/strong><\/p>\n<ul>\n<li style=\"text-align: justify;\">Alimentos y Bebidas.<\/li>\n<li style=\"text-align: justify;\">Propinas y gastos personales.<\/li>\n<li style=\"text-align: justify;\">INFORMACION GENERAL:<\/li>\n<li style=\"text-align: justify;\">Salidas garantizadas todos los d\u00edas reservando m\u00ednimo 2 personas.<\/li>\n<li style=\"text-align: justify;\">Los Hoteles para esta excursi\u00f3n son categor\u00eda Tres Estrellas.<\/li>\n<li style=\"text-align: justify;\">Llevar dinero en efectivo, en muchos lugares no son aceptadas las Tarjetas Bancarias.<\/li>\n<li style=\"text-align: justify;\">Lleve lo necesario, durante nuestro recorrido tendremos varias paradas.<\/li>\n<li style=\"text-align: justify;\">No olvide su c\u00e1mara fotogr\u00e1fica y cargador (energ\u00eda 110V).<\/li>\n<\/ul>\n<p>&nbsp;<\/p>\n<p style=\"text-align: justify;\"><strong>PRECIO DEL TOUR POR PERSONA: MXN | PESOS MEXICANOS<\/strong><\/p>\n<p style=\"text-align: justify;\">23,932.40 \u00a0\u00a0\u00a0\u00a0\u00a017,860.00\u00a0\u00a0\u00a0\u00a0\u00a0\u00a0 Adultos.<\/p>\n<p style=\"text-align: justify;\">23,295.90\u00a0\u00a0\u00a0\u00a0\u00a0 17,385.00\u00a0\u00a0\u00a0\u00a0\u00a0 Juniors de 5 &#8211; 10 A\u00f1os.<\/p>\n<h4 style=\"text-align: justify;\"><a href=\"http:\/\/chiapastodoincluido.com\/web\/politicas-de-la-empresa\/\"><span style=\"color: #0000ff;\">Ver pol\u00edticas de la Empresa<\/span><\/a><\/h4>\n<p>[\/vc_column_text][\/vc_column][\/vc_row]<\/p>\n<\/div>","protected":false},"excerpt":{"rendered":"<p>[vc_row][vc_column width=&#8221;4\/12&#8243;][vc_single_image image=&#8221;469&#8243; img_size=&#8221;full&#8221; style=&#8221;vc_box_rounded&#8221; onclick=&#8221;custom_link&#8221; link=&#8221;http:\/\/chiapastodoincluido.com\/web\/merida-ciudad-blanca\/&#8221;][vc_empty_space][vc_single_image image=&#8221;472&#8243; img_size=&#8221;full&#8221; style=&#8221;vc_box_rounded&#8221; onclick=&#8221;custom_link&#8221; link=&#8221;http:\/\/chiapastodoincluido.com\/web\/enigmaticas-ruinas-mayas\/&#8221;][vc_empty_space][vc_single_image image=&#8221;466&#8243; img_size=&#8221;full&#8221; style=&#8221;vc_box_rounded&#8221; onclick=&#8221;custom_link&#8221; link=&#8221;http:\/\/chiapastodoincluido.com\/web\/excursiones-mayas\/&#8221;][vc_empty_space][vc_single_image image=&#8221;471&#8243; img_size=&#8221;full&#8221; style=&#8221;vc_box_rounded&#8221; onclick=&#8221;custom_link&#8221; link=&#8221;http:\/\/chiapastodoincluido.com\/web\/naturaleza-maya\/&#8221;][vc_empty_space][vc_single_image image=&#8221;467&#8243; img_size=&#8221;full&#8221; style=&#8221;vc_box_rounded&#8221; onclick=&#8221;custom_link&#8221; link=&#8221;http:\/\/chiapastodoincluido.com\/web\/herencia-mayas\/&#8221;][vc_empty_space][vc_single_image image=&#8221;470&#8243; img_size=&#8221;full&#8221; style=&#8221;vc_box_rounded&#8221;][vc_empty_space][vc_single_image image=&#8221;468&#8243; img_size=&#8221;full&#8221; style=&#8221;vc_box_rounded&#8221; onclick=&#8221;custom_link&#8221; link=&#8221;http:\/\/chiapastodoincluido.com\/web\/isla-mujeres-en-catamaran\/&#8221;][\/vc_column][vc_column width=&#8221;8\/12&#8243;][vc_column_text] Punto de Encuentro: Lobby del Hotel Hora de Salida: 08:30:00 | Hora de Regreso: 18:00:00 Traslado Incluido desde: | [&hellip;]<\/p>\n","protected":false},"author":1,"featured_media":0,"parent":0,"menu_order":0,"comment_status":"closed","ping_status":"closed","template":"","meta":{"footnotes":""},"class_list":["post-429","page","type-page","status-publish","hentry"],"_links":{"self":[{"href":"https:\/\/chiapastodoincluido.com\/sitio\/wp-json\/wp\/v2\/pages\/429","targetHints":{"allow":["GET"]}}],"collection":[{"href":"https:\/\/chiapastodoincluido.com\/sitio\/wp-json\/wp\/v2\/pages"}],"about":[{"href":"https:\/\/chiapastodoincluido.com\/sitio\/wp-json\/wp\/v2\/types\/page"}],"author":[{"embeddable":true,"href":"https:\/\/chiapastodoincluido.com\/sitio\/wp-json\/wp\/v2\/users\/1"}],"replies":[{"embeddable":true,"href":"https:\/\/chiapastodoincluido.com\/sitio\/wp-json\/wp\/v2\/comments?post=429"}],"version-history":[{"count":0,"href":"https:\/\/chiapastodoincluido.com\/sitio\/wp-json\/wp\/v2\/pages\/429\/revisions"}],"wp:attachment":[{"href":"https:\/\/chiapastodoincluido.com\/sitio\/wp-json\/wp\/v2\/media?parent=429"}],"curies":[{"name":"wp","href":"https:\/\/api.w.org\/{rel}","templated":true}]}}